10*(-4)/(-12)*-9. Calculate the highest common divisor of m and 45.
15
Suppose -3*d + 1 = -2*d. Let v be 16/(-3)*(d + -4). Calculate the highest common factor of 48 and v.
16
Let d be (-3)/(4/(-440)*2). Calculate the greatest common factor of 15 and d.
15
Suppose 2*a + 3*u = 101, 4*a = 8*a + 3*u - 187. What is the highest common divisor of 301 and a?
43
Suppose -7*f - 16 = -9*f. Let a(w) be the first derivative of 3*w**2/2 - 7*w - 1. Let d be a(f). Calculate the highest common divisor of d and 136.
17
Let u = 11 + -6. Suppose 0*i - 2*i - 61 = -3*h, u*h + i = 80. Suppose 5*t + 10 = 3*d - h, 4*d + 3*t - 65 = 0. What is the highest common divisor of d and 2?
2
Suppose 5*u = 5*l + 15, -2*l - 2*l = -3*u + 7. Calculate the highest common factor of l and 10.
2
Suppose -4*v + m + 75 = 0, -m + 2*m = v - 15. Let c be 2/(-8) - (-205)/v. Let s(g) = 8*g. Let w be s(5). Calculate the highest common divisor of c and w.
10
Suppose 9*u = 12*u. Suppose 16*b - 19*b + 21 = u. What is the highest common divisor of 14 and b?
7
Let z(b) be the first derivative of -b**3/3 - 9*b**2/2 - 9*b + 1. Let r = 48 + -54. Let q be z(r). Calculate the greatest common divisor of q and 6.
3
Let u be ((-18)/(-4))/((-3)/6). Let l be (1 + 0)/((-3)/u). Let h be (-140)/(-6) + (-6)/(-9). What is the highest common factor of h and l?
3
Let x(p) = -2*p**2 - 25*p - 40. Let j be x(-9). What is the highest common divisor of j and 184?
23
Let v be (-4)/(-34) + 32/17. Let h = 22 + v. Calculate the highest common divisor of 16 and h.
8
Suppose -2*n + 4 = 5*k, 13 = 5*k + n - 2*n. Suppose -w + 136 = 3*y, -4*y - 47 = -5*y - k*w. What is the greatest common factor of y and 9?
9
Let v be (-17)/(-3) + (-6)/(-18). Calculate the greatest common factor of v and 54.
6
Suppose 2*z = 5*c - 22, 18 = 2*c + 2*c - 2*z. Calculate the highest common divisor of c and 2.
2
Let d = -9 - -13. Let a = d + -2. Suppose 7*q + 10 = 2*q, -a*q = -o + 15. What is the greatest common factor of o and 1?
1
Let c(b) = 14*b**2 - 2*b - 4. Let o be c(-2). Let u(n) = -3*n + 1. Let p be u(-2). Calculate the greatest common factor of o and p.
7
Let b be (-6)/8 - 405/(-12). Calculate the greatest common factor of b and 11.
11
Suppose 0*v + 1 = 2*v + 5*j, -j = -3*v + 27. Let s(u) = v*u + u**2 - 2*u**2 + 0*u**2 + 8. Let q be s(7). What is the greatest common divisor of 120 and q?
15
Suppose 3*p = -5*j + 68, -2*j - 2 = -2*p + 22. Suppose -p = -5*b - 1. Let g = 21 - b. What is the greatest common factor of 162 and g?
18
Suppose -13 - 162 = -5*k. What is the greatest common divisor of 5 and k?
5
Let k be 99 + -6 + 6 - 0/(-1). Suppose 5*m - 48 = -3. What is the greatest common factor of m and k?
9
Suppose -38 + 8 = -2*j. Suppose -n + 2*n - 165 = 0. What is the greatest common factor of n and j?
15
Let k(q) = q**2 + 4*q - 3. Let l = -8 - 2. Let m be (-6)/(l/(-6) + -1). Let a be k(m). Calculate the greatest common factor of 105 and a.
21
Let y(o) = -o + 7. Let l be y(4). Suppose -3*n + 22 = -41. Calculate the greatest common divisor of n and l.
3
Let n be (-6)/8 + 5 + 177/12. Let y = -3 - -5. Suppose 2*h + 4*u = -u + 96, -y*h + 80 = u. What is the highest common divisor of h and n?
19
Let x(r) = -r**2 - 6*r. Let g(k) = -4*k - 1. Let v be g(-1). Suppose -f - 7 + v = 0. Let h be x(f). Calculate the greatest common divisor of 88 and h.
8
Suppose -4*b = 2*g - 16, 5*g - 9 = -5*b + 1. Let k be (-42)/10*90/(-9). Suppose 3*c - k = 2*c. Calculate the highest common divisor of b and c.
6
Suppose 6 = 4*t + 2, 2*z - t + 23 = 0. Let r = z + 16. Let v be ((-1)/2)/(r/(-800)). Calculate the greatest common divisor of v and 10.
10
Suppose 0 = 16*b - 11*b - 210. Calculate the highest common factor of b and 6.
6
Suppose -3*a - 5*y = 2, -y - 22 = 3*a - 6*a. Let c be 15*(-2)/a*2. Let r be (-6)/(-15) + (-106)/c. Calculate the greatest common divisor of r and 11.
11
Let u(i) = i**3 + 7*i**2 - 6*i - 2. Let d be u(-7). Let o be (-4)/(-16) + 39/4. What is the greatest common factor of o and d?
10
Let r(s) = -s + 8. Let t be r(7). Let a(k) = 22*k**2. Let c be a(t). Calculate the greatest common divisor of c and 154.
22
Let d(c) = c**2 + c. Let k be d(-1). Let r(g) = -g**3 - 2*g**3 + 1 + 2*g**3. Let u be r(k). Calculate the greatest common factor of 4 and u.
1
Let y = 45 + -31. Calculate the highest common divisor of 7 and y.
7
Suppose 9*z - 180 = 4*z. Calculate the greatest common divisor of z and 12.
12
Let s be (1/2)/(4/16). Suppose -3*f = -4 - s. What is the highest common divisor of 2 and f?
2
Let u be ((-2)/(-3))/(1/3). Calculate the highest common factor of u and 8.
2
Suppose 0 = 2*l + 2*l - 12. Suppose -l*d = d - 48. Calculate the highest common factor of 60 and d.
12
Suppose f = -2*f + 60. What is the highest common divisor of 90 and f?
10
Suppose 0 = -10*d + 15*d - 980. Suppose 4*z = 3*h + d, -2*z + 49 = -z - 2*h. Let v = 10 - 3. Calculate the highest common factor of v and z.
7
Suppose 16 = -5*v + 9*v. Suppose 8 = v*n, 6 = h + 3*n - 7. What is the greatest common factor of 63 and h?
7
Suppose 3*v - 8 = 1. Suppose 403 = v*h - k, -530 = -0*h - 4*h + 5*k. Calculate the highest common factor of h and 54.
27
Suppose 312 - 12 = 4*w. Suppose 5*b + 108 = 2*b. Let h = -21 - b. What is the greatest common factor of w and h?
15
Let n(m) = -21*m - 3. Let j be n(-3). Let t be -1 - (3 + 2) - -16. What is the highest common divisor of j and t?
10
Suppose -76 = -2*u + 36. What is the greatest common divisor of 140 and u?
28
Let o be 9*1/((-1)/(-2)). What is the highest common factor of o and 27?
9
Let c = -127 + 183. Calculate the greatest common factor of 7 and c.
7
Let n(p) = -p**3 + 14*p**2 - 11*p - 17. Let y be n(13). Calculate the highest common divisor of y and 1.
1
Let q be (-2)/(-6) - 700/(-6). Calculate the greatest common divisor of 13 and q.
13
Let m be (-4)/(-6) - (-228)/9. Let y = m + -16. What is the greatest common divisor of 80 and y?
10
Let v(b) = -b**3 + b**2 + 10*b - 8. Let g be v(3). Suppose 0 = 3*y + 2*a - 17 - 11, -a = -5. Calculate the highest common divisor of y and g.
2
Let y be 2/4 - (-1)/2. Let o = 3 - 2. Calculate the highest common factor of o and y.
1
Suppose -w + 114 = 5*w. Calculate the greatest common factor of w and 152.
19
Let n = 34 + -53. Suppose p + o = -4*p - 70, -5*p - 50 = -3*o. Let r = p - n. Calculate the highest common factor of 6 and r.
6
Let h be (7/4)/(-1 + (-36)/(-32)). Let l = 0 + 2. Calculate the greatest common factor of h and l.
2
Let m be (-35)/28*-4*1. Suppose m*j = -h - 0*h + 23, 0 = 4*j - h - 22. Calculate the greatest common divisor of j and 55.
5
Let b be ((-2516)/(-12) - 1) + (-4)/6. What is the highest common divisor of b and 13?
13
Let b be 74 + (-1 - -2)*-2. Let g = 10 + 17. Let l = b + g. What is the greatest common divisor of l and 9?
9
Suppose 0*j + 10 = 2*j. Suppose 3*s = j*y + 80, 2*y = -4*s + 4*y + 130. What is the highest common factor of s and 7?
7
Suppose 4*i - 24 = i. Calculate the highest common factor of 1 and i.
1
Suppose -z + 20 = 3*z. Suppose -z*q = -q - 16. Let f = 4 + -2. Calculate the highest common factor of f and q.
2
Let b(z) = -3*z - 5. Let t be b(-5). Let h be 126/t + 6/(-10). What is the highest common factor of h and 6?
6
Let b = -38 - -50. Let u(z) = 25*z**2 - z. Let h be u(1). What is the greatest common factor of h and b?
12
Let a(w) = -3*w - 23. Let b be a(-8). Let p = 1 - 0. Calculate the highest common factor of p and b.
1
Suppose 5*l - w - 2*w - 39 = 0, -l = -2*w - 5. Suppose 4*u - 6 = 2*u. Let g = l - u. What is the greatest common divisor of g and 42?
6
Suppose -11*f + 147 - 15 = 0. Suppose 0 = -3*b + b + 48. What is the highest common factor of f and b?
12
Suppose -4*u - u + 3*n + 47 = 0, 5*u + 4*n = 54. Calculate the highest common divisor of 30 and u.
10
Suppose -4*b + n - 207 = 0, 3*b + 63 + 96 = 2*n. Let x be b/(-3) + 3 + 0. What is the greatest common divisor of 5 and x?
5
Suppose -j + 3*t + 2*t + 27 = 0, j - t - 47 = 0. What is the highest common divisor of 26 and j?
26
Suppose -u + 1 = 3. Let f be ((-19)/(-3))/(u/(-24)). Suppose 0*g + f = 2*g. What is the highest common factor of 19 and g?
19
Suppose j = -c + 3*j + 78, -4*c = 5*j - 260. Calculate the highest common factor of 105 and c.
35
Suppose 2*w = 6*w + 5*v + 10, -2*v = -w - 9. Let k(r) = -23*r + 2. Let t be k(w)